{"id":419,"date":"2018-09-25T13:47:05","date_gmt":"2018-09-25T13:47:05","guid":{"rendered":"http:\/\/transparencia.local\/?page_id=419"},"modified":"2019-01-22T14:13:17","modified_gmt":"2019-01-22T14:13:17","slug":"mapa-de-sitio","status":"publish","type":"page","link":"https:\/\/mem.gob.do\/transparencia\/mapa-de-sitio\/","title":{"rendered":"Mapa de sitio"},"content":{"rendered":"<div class=\"menu-menu-principal-container\"><ul id=\"menu-menu-principal\" class=\"sitemap\"><li id=\"menu-item-5\" class=\"menu-item menu-item-type-custom menu-item-object-custom menu-item-5\"><a href=\"\/transparencia\">Inicio Transparencia<\/a><\/li>\n<li id=\"menu-item-18868\" class=\"menu-item menu-item-type-custom menu-item-object-custom menu-item-18868\"><a href=\"http:\/\/mem.gob.do\">Portal institucional<\/a><\/li>\n<li id=\"menu-item-75\" class=\"menu-item menu-item-type-taxonomy menu-item-object-category menu-item-75\"><a href=\"https:\/\/mem.gob.do\/transparencia\/category\/base-legal\/\">Base legal de la instituci\u00f3n<\/a><\/li>\n<li id=\"menu-item-113\" class=\"menu-item menu-item-type-taxonomy menu-item-object-category menu-item-113\"><a href=\"https:\/\/mem.gob.do\/transparencia\/category\/marco-legal-de-transparencia\/\">Marco legal de transparencia<\/a><\/li>\n<li id=\"menu-item-8191\" class=\"menu-item menu-item-type-post_type menu-item-object-page menu-item-8191\"><a href=\"https:\/\/mem.gob.do\/transparencia\/organigrama\/\">Organigrama Institucional<\/a><\/li>\n<li id=\"menu-item-1070\" class=\"menu-item menu-item-type-post_type menu-item-object-page menu-item-has-children menu-item-1070\"><a href=\"https:\/\/mem.gob.do\/transparencia\/oficina-de-acceso-a-la-informacion-2\/\">Oficina de Acceso a la Informaci\u00f3n<\/a>\n<ul class=\"sub-menu\">\n\t<li id=\"menu-item-94\" class=\"menu-item menu-item-type-post_type menu-item-object-page menu-item-94\"><a href=\"https:\/\/mem.gob.do\/transparencia\/derechos-ciudadanos\/\">Derechos de los ciudadanos<\/a><\/li>\n\t<li id=\"menu-item-151\" class=\"menu-item menu-item-type-post_type menu-item-object-page menu-item-151\"><a href=\"https:\/\/mem.gob.do\/transparencia\/estructura-organizacional-de-la-oai\/\">Estructura organizacional de la OAI<\/a><\/li>\n\t<li id=\"menu-item-158\" class=\"menu-item menu-item-type-post_type menu-item-object-page menu-item-158\"><a href=\"https:\/\/mem.gob.do\/transparencia\/manual-de-la-organizacion-de-la-oai\/\">Manual de la organizaci\u00f3n de la OAI<\/a><\/li>\n\t<li id=\"menu-item-157\" class=\"menu-item menu-item-type-post_type menu-item-object-page menu-item-157\"><a href=\"https:\/\/mem.gob.do\/transparencia\/manual-de-procedimientos-de-la-oai\/\">Manual de procedimientos de la OAI<\/a><\/li>\n\t<li id=\"menu-item-159\" class=\"menu-item menu-item-type-taxonomy menu-item-object-category menu-item-159\"><a href=\"https:\/\/mem.gob.do\/transparencia\/category\/estadisticas-y-balances-de-la-oai\/\">Estad\u00edsticas y balances de la OAI<\/a><\/li>\n\t<li id=\"menu-item-156\" class=\"menu-item menu-item-type-post_type menu-item-object-page menu-item-156\"><a href=\"https:\/\/mem.gob.do\/transparencia\/nombre-y-contacto-de-la-rai\/\">Nombre y contacto de la RAI<\/a><\/li>\n\t<li id=\"menu-item-155\" class=\"menu-item menu-item-type-post_type menu-item-object-page menu-item-155\"><a href=\"https:\/\/mem.gob.do\/transparencia\/informacion-clasificada\/\">Informaci\u00f3n clasificada<\/a><\/li>\n\t<li id=\"menu-item-21179\" class=\"menu-item menu-item-type-taxonomy menu-item-object-category menu-item-21179\"><a href=\"https:\/\/mem.gob.do\/transparencia\/category\/indice-de-documentos-para-entrega\/\">\u00cdndice de documentos para entrega<\/a><\/li>\n\t<li id=\"menu-item-8101\" class=\"menu-item menu-item-type-custom menu-item-object-custom menu-item-8101\"><a target=\"_blank\" href=\"https:\/\/saip.gob.do\/\">Portal \u00fanico de solicitud de acceso a la informaci\u00f3n p\u00fablica (SAIP)<\/a><\/li>\n\t<li id=\"menu-item-16656\" class=\"menu-item menu-item-type-taxonomy menu-item-object-category menu-item-16656\"><a href=\"https:\/\/mem.gob.do\/transparencia\/category\/indice-de-transparencia-estandarizado\/\">\u00cdndice de Transparencia Estandarizado<\/a><\/li>\n<\/ul>\n<\/li>\n<li id=\"menu-item-166\" class=\"menu-item menu-item-type-taxonomy menu-item-object-category menu-item-has-children menu-item-166\"><a href=\"https:\/\/mem.gob.do\/transparencia\/category\/plan-estrategico-de-la-institucion\/\">Plan Estrat\u00e9gico de la Instituci\u00f3n<\/a>\n<ul class=\"sub-menu\">\n\t<li id=\"menu-item-8091\" class=\"menu-item menu-item-type-post_type menu-item-object-post menu-item-8091\"><a href=\"https:\/\/mem.gob.do\/transparencia\/planificacion-estrategica-institucional-2\/\">Planificaci\u00f3n Estrat\u00e9gica Institucional<\/a><\/li>\n\t<li id=\"menu-item-8092\" class=\"menu-item menu-item-type-post_type menu-item-object-post menu-item-has-children menu-item-8092\"><a href=\"https:\/\/mem.gob.do\/transparencia\/plan-operativo-anual-poa\/\">Plan Operativo Anual (POA)<\/a>\n\t<ul class=\"sub-menu\">\n\t\t<li id=\"menu-item-8212\" class=\"menu-item menu-item-type-post_type menu-item-object-post menu-item-8212\"><a href=\"https:\/\/mem.gob.do\/transparencia\/informes-trimestrales-plan-operativo-poa\/\">Informes de Seguimiento Plan Operativo Anual \u2013 POA<\/a><\/li>\n\t<\/ul>\n<\/li>\n\t<li id=\"menu-item-8093\" class=\"menu-item menu-item-type-post_type menu-item-object-post menu-item-8093\"><a href=\"https:\/\/mem.gob.do\/transparencia\/memorias-institucionales\/\">Memorias Institucionales<\/a><\/li>\n<\/ul>\n<\/li>\n<li id=\"menu-item-177\" class=\"menu-item menu-item-type-taxonomy menu-item-object-category menu-item-177\"><a href=\"https:\/\/mem.gob.do\/transparencia\/category\/publicaciones-oficiales\/\">Publicaciones Oficiales<\/a><\/li>\n<li id=\"menu-item-209\" class=\"menu-item menu-item-type-taxonomy menu-item-object-category menu-item-209\"><a href=\"https:\/\/mem.gob.do\/transparencia\/category\/estadisticas\/\">Estad\u00edsticas Institucionales<\/a><\/li>\n<li id=\"menu-item-19039\" class=\"menu-item menu-item-type-custom menu-item-object-custom menu-item-19039\"><a href=\"https:\/\/mem.gob.do\/servicios\/\">Servicio al p\u00fablico<\/a><\/li>\n<li id=\"menu-item-2013\" class=\"menu-item menu-item-type-taxonomy menu-item-object-category menu-item-2013\"><a href=\"https:\/\/mem.gob.do\/transparencia\/category\/portal-311\/\">Portal 311<\/a><\/li>\n<li id=\"menu-item-8722\" class=\"menu-item menu-item-type-post_type menu-item-object-post menu-item-8722\"><a href=\"https:\/\/mem.gob.do\/transparencia\/declaraciones-juradas-de-bienes\/\">Declaraciones Juradas de Bienes<\/a><\/li>\n<li id=\"menu-item-425\" class=\"presupuesto menu-item menu-item-type-taxonomy menu-item-object-category menu-item-has-children menu-item-425\"><a href=\"https:\/\/mem.gob.do\/transparencia\/category\/presupuesto\/\">Presupuesto<\/a>\n<ul class=\"sub-menu\">\n\t<li id=\"menu-item-237\" class=\"menu-item menu-item-type-taxonomy menu-item-object-category menu-item-237\"><a href=\"https:\/\/mem.gob.do\/transparencia\/category\/presupuesto\/ejecucion-del-presupuesto\/\">Ejecuci\u00f3n del presupuesto<\/a><\/li>\n\t<li id=\"menu-item-1060\" class=\"menu-item menu-item-type-taxonomy menu-item-object-category menu-item-1060\"><a href=\"https:\/\/mem.gob.do\/transparencia\/category\/presupuesto\/presupuesto-aprobado-del-ano\/\">Presupuesto aprobado del a\u00f1o<\/a><\/li>\n<\/ul>\n<\/li>\n<li id=\"menu-item-429\" class=\"menu-item menu-item-type-taxonomy menu-item-object-category menu-item-has-children menu-item-429\"><a href=\"https:\/\/mem.gob.do\/transparencia\/category\/recursos-humanos\/\">Recursos Humanos<\/a>\n<ul class=\"sub-menu\">\n\t<li id=\"menu-item-544\" class=\"menu-item menu-item-type-taxonomy menu-item-object-category menu-item-544\"><a href=\"https:\/\/mem.gob.do\/transparencia\/category\/recursos-humanos\/nominas\/\">N\u00f3minas<\/a><\/li>\n\t<li id=\"menu-item-3516\" class=\"menu-item menu-item-type-taxonomy menu-item-object-category menu-item-3516\"><a href=\"https:\/\/mem.gob.do\/transparencia\/category\/recursos-humanos\/jubilaciones-pensiones-y-retiros\/\">Jubilaciones, Pensiones y Retiros<\/a><\/li>\n\t<li id=\"menu-item-13809\" class=\"menu-item menu-item-type-post_type menu-item-object-post menu-item-13809\"><a href=\"https:\/\/mem.gob.do\/transparencia\/vacantes\/\">Vacantes<\/a><\/li>\n<\/ul>\n<\/li>\n<li id=\"menu-item-3515\" class=\"menu-item menu-item-type-taxonomy menu-item-object-category menu-item-3515\"><a href=\"https:\/\/mem.gob.do\/transparencia\/category\/beneficiarios-de-programas-asistenciales\/\">Beneficiarios de Programas Asistenciales<\/a><\/li>\n<li id=\"menu-item-20260\" class=\"comprasContrataciones menu-item menu-item-type-post_type menu-item-object-post menu-item-has-children menu-item-20260\"><a href=\"https:\/\/mem.gob.do\/transparencia\/compras-y-contrataciones\/\">Compras y contrataciones<\/a>\n<ul class=\"sub-menu\">\n\t<li id=\"menu-item-20261\" class=\"menu-item menu-item-type-post_type menu-item-object-post menu-item-20261\"><a href=\"https:\/\/mem.gob.do\/transparencia\/compras-y-contrataciones\/\">Compras y Contrataciones En L\u00ednea<\/a><\/li>\n\t<li id=\"menu-item-306\" class=\"menu-item menu-item-type-post_type menu-item-object-post menu-item-306\"><a href=\"https:\/\/mem.gob.do\/transparencia\/como-registrarse-como-proveedor-del-estado\/\">\u00bfC\u00f3mo registrarse como proveedor del Estado?<\/a><\/li>\n\t<li id=\"menu-item-319\" class=\"menu-item menu-item-type-taxonomy menu-item-object-category menu-item-319\"><a href=\"https:\/\/mem.gob.do\/transparencia\/category\/compras-y-contrataciones\/plan-anual-de-compras\/\">Plan anual de compras<\/a><\/li>\n\t<li id=\"menu-item-7308\" class=\"menu-item menu-item-type-post_type menu-item-object-post menu-item-7308\"><a href=\"https:\/\/mem.gob.do\/transparencia\/licitacionesce\/\">Licitaciones Compra de Energ\u00eda<\/a><\/li>\n\t<li id=\"menu-item-352\" class=\"menu-item menu-item-type-taxonomy menu-item-object-category menu-item-352\"><a href=\"https:\/\/mem.gob.do\/transparencia\/category\/compras-y-contrataciones\/casos-de-seguridad-y-emergencia-nacional\/\">Casos de Seguridad y Emergencia Nacional<\/a><\/li>\n\t<li id=\"menu-item-353\" class=\"menu-item menu-item-type-taxonomy menu-item-object-category menu-item-353\"><a href=\"https:\/\/mem.gob.do\/transparencia\/category\/compras-y-contrataciones\/casos-de-urgencia\/\">Casos de Urgencia<\/a><\/li>\n\t<li id=\"menu-item-371\" class=\"menu-item menu-item-type-taxonomy menu-item-object-category menu-item-371\"><a href=\"https:\/\/mem.gob.do\/transparencia\/category\/compras-y-contrataciones\/estado-de-cuentas-de-suplidores\/\">Relaci\u00f3n de estado de cuentas de suplidores<\/a><\/li>\n\t<li id=\"menu-item-8102\" class=\"menu-item menu-item-type-custom menu-item-object-custom menu-item-8102\"><a target=\"_blank\" href=\"https:\/\/comunidad.comprasdominicana.gob.do\/Public\/Tendering\/ContractNoticeManagement\/Index?currentLanguage=en-US&#038;Country=DO&#038;Theme=DGCP&#038;Page=Login\">Portal transaccional de compras y contrataciones<\/a><\/li>\n\t<li id=\"menu-item-374\" class=\"menu-item menu-item-type-post_type menu-item-object-post menu-item-374\"><a href=\"https:\/\/mem.gob.do\/transparencia\/declaracion-suplidores-sobre-el-codigo-de-etica\/\">Declaraci\u00f3n Suplidores sobre el C\u00f3digo de \u00c9tica<\/a><\/li>\n<\/ul>\n<\/li>\n<li id=\"menu-item-447\" class=\"menu-item menu-item-type-taxonomy menu-item-object-category menu-item-has-children menu-item-447\"><a href=\"https:\/\/mem.gob.do\/transparencia\/category\/proyectos-y-programas\/\">Proyectos y Programas<\/a>\n<ul class=\"sub-menu\">\n\t<li id=\"menu-item-18114\" class=\"menu-item menu-item-type-taxonomy menu-item-object-category menu-item-18114\"><a href=\"https:\/\/mem.gob.do\/transparencia\/category\/proyectos-y-programas\/descripcion-de-los-programas-y-proyectos\/\">Descripci\u00f3n de los programas y proyectos<\/a><\/li>\n\t<li id=\"menu-item-18115\" class=\"menu-item menu-item-type-taxonomy menu-item-object-category menu-item-18115\"><a href=\"https:\/\/mem.gob.do\/transparencia\/category\/proyectos-y-programas\/informes-de-seguimiento-y-presupuesto-a-los-programas-y-proyectos\/\">Informes de seguimiento y presupuesto a los programas y proyectos<\/a><\/li>\n\t<li id=\"menu-item-18116\" class=\"menu-item menu-item-type-taxonomy menu-item-object-category menu-item-18116\"><a href=\"https:\/\/mem.gob.do\/transparencia\/category\/proyectos-y-programas\/calendarios-de-ejecucion-de-programas-y-proyectos\/\">Calendarios de ejecuci\u00f3n de programas y proyectos<\/a><\/li>\n<\/ul>\n<\/li>\n<li id=\"menu-item-426\" class=\"menu-item menu-item-type-taxonomy menu-item-object-category menu-item-has-children menu-item-426\"><a href=\"https:\/\/mem.gob.do\/transparencia\/category\/finanzas\/\">Finanzas<\/a>\n<ul class=\"sub-menu\">\n\t<li id=\"menu-item-8097\" class=\"menu-item menu-item-type-taxonomy menu-item-object-category menu-item-8097\"><a href=\"https:\/\/mem.gob.do\/transparencia\/category\/finanzas\/estados-financieros\/\">Estados financieros<\/a><\/li>\n\t<li id=\"menu-item-14585\" class=\"menu-item menu-item-type-taxonomy menu-item-object-category menu-item-14585\"><a href=\"https:\/\/mem.gob.do\/transparencia\/category\/balance-general\/\">Informes Financieros<\/a><\/li>\n\t<li id=\"menu-item-267\" class=\"menu-item menu-item-type-taxonomy menu-item-object-category menu-item-267\"><a href=\"https:\/\/mem.gob.do\/transparencia\/category\/finanzas\/ingresos-y-egresos\/\">Ingresos y egresos<\/a><\/li>\n\t<li id=\"menu-item-16075\" class=\"menu-item menu-item-type-taxonomy menu-item-object-category menu-item-16075\"><a href=\"https:\/\/mem.gob.do\/transparencia\/category\/finanzas\/informes-de-auditorias\/\">Informes de Auditor\u00edas<\/a><\/li>\n\t<li id=\"menu-item-257\" class=\"menu-item menu-item-type-taxonomy menu-item-object-category menu-item-257\"><a href=\"https:\/\/mem.gob.do\/transparencia\/category\/finanzas\/activos-fijos\/\">Reporte de activos fijos<\/a><\/li>\n\t<li id=\"menu-item-266\" class=\"menu-item menu-item-type-taxonomy menu-item-object-category menu-item-266\"><a href=\"https:\/\/mem.gob.do\/transparencia\/category\/finanzas\/inventario-de-almacen\/\">Reporte de inventario de almac\u00e9n<\/a><\/li>\n<\/ul>\n<\/li>\n<li id=\"menu-item-487\" class=\"menu-item menu-item-type-post_type menu-item-object-page menu-item-487\"><a href=\"https:\/\/mem.gob.do\/transparencia\/datos-abiertos\/\">Datos Abiertos<\/a><\/li>\n<li id=\"menu-item-1984\" class=\"menu-item menu-item-type-taxonomy menu-item-object-category menu-item-has-children menu-item-1984\"><a href=\"https:\/\/mem.gob.do\/transparencia\/category\/comision-de-etica-publica\/\">Comisi\u00f3n de Integridad Gubernamental y de Cumplimiento Normativo (CIGCN)<\/a>\n<ul class=\"sub-menu\">\n\t<li id=\"menu-item-282\" class=\"menu-item menu-item-type-post_type menu-item-object-post menu-item-282\"><a href=\"https:\/\/mem.gob.do\/transparencia\/listado-de-miembros-y-medios-de-contactos\/\">Listado de miembros y medios de contactos<\/a><\/li>\n\t<li id=\"menu-item-302\" class=\"menu-item menu-item-type-post_type menu-item-object-post menu-item-302\"><a href=\"https:\/\/mem.gob.do\/transparencia\/plan-de-trabajo-cep\/\">Plan de trabajo<\/a><\/li>\n\t<li id=\"menu-item-301\" class=\"menu-item menu-item-type-post_type menu-item-object-post menu-item-301\"><a href=\"https:\/\/mem.gob.do\/transparencia\/informe-de-logros-y-seguimiento-de-plan\/\">Informe de Logros y Seguimiento<\/a><\/li>\n\t<li id=\"menu-item-300\" class=\"menu-item menu-item-type-post_type menu-item-object-post menu-item-300\"><a href=\"https:\/\/mem.gob.do\/transparencia\/codigos-de-pautas-eticas\/\">Compromiso \u00c9tico<\/a><\/li>\n\t<li id=\"menu-item-299\" class=\"menu-item menu-item-type-post_type menu-item-object-post menu-item-299\"><a href=\"https:\/\/mem.gob.do\/transparencia\/codigo-de-etica\/\">C\u00f3digo de Integridad MEM<\/a><\/li>\n<\/ul>\n<\/li>\n<li id=\"menu-item-8098\" class=\"menu-item menu-item-type-custom menu-item-object-custom menu-item-has-children menu-item-8098\"><a href=\"#\">Consultas p\u00fablicas<\/a>\n<ul class=\"sub-menu\">\n\t<li id=\"menu-item-8099\" class=\"menu-item menu-item-type-taxonomy menu-item-object-category menu-item-8099\"><a href=\"https:\/\/mem.gob.do\/transparencia\/category\/consulta-publica\/procesos-de-consultas-abiertas\/\">Procesos de consultas abiertas<\/a><\/li>\n\t<li id=\"menu-item-8100\" class=\"menu-item menu-item-type-taxonomy menu-item-object-category menu-item-8100\"><a href=\"https:\/\/mem.gob.do\/transparencia\/category\/consulta-publica\/relacion-de-consultas-publicas\/\">Relaci\u00f3n de consultas p\u00fablicas<\/a><\/li>\n<\/ul>\n<\/li>\n<li id=\"menu-item-688\" class=\"menu-item menu-item-type-taxonomy menu-item-object-category menu-item-688\"><a href=\"https:\/\/mem.gob.do\/transparencia\/category\/documentos\/\">Documentos<\/a><\/li>\n<li id=\"menu-item-439\" class=\"menu-item menu-item-type-custom menu-item-object-custom menu-item-439\"><a target=\"_blank\" href=\"https:\/\/eitird.mem.gob.do\/\">Iniciativa para la Transparencia de las Industrias Extractivas (EITI-RD)<\/a><\/li>\n<li id=\"menu-item-2376\" class=\"d-lg-none d-md-none menu-item menu-item-type-post_type menu-item-object-page menu-item-2376\"><a href=\"https:\/\/mem.gob.do\/transparencia\/terminos-de-uso\/\">T\u00e9rminos de uso<\/a><\/li>\n<li id=\"menu-item-2375\" class=\"d-lg-none d-md-none menu-item menu-item-type-post_type menu-item-object-page menu-item-privacy-policy menu-item-2375\"><a rel=\"privacy-policy\" href=\"https:\/\/mem.gob.do\/transparencia\/politica-privacidad\/\">Pol\u00edtica de privacidad<\/a><\/li>\n<li id=\"menu-item-13547\" class=\"menu-item menu-item-type-taxonomy menu-item-object-category menu-item-13547\"><a href=\"https:\/\/mem.gob.do\/transparencia\/category\/uep\/\">Unidad Ejecutora de Proyectos (UEP)<\/a><\/li>\n<\/ul><\/div>\n","protected":false},"excerpt":{"rendered":"","protected":false},"author":1,"featured_media":0,"parent":0,"menu_order":0,"comment_status":"closed","ping_status":"closed","template":"","meta":{"_monsterinsights_skip_tracking":false,"_monsterinsights_sitenote_active":false,"_monsterinsights_sitenote_note":"","_monsterinsights_sitenote_category":0,"footnotes":""},"categories":[],"class_list":["post-419","page","type-page","status-publish","hentry"],"_links":{"self":[{"href":"https:\/\/mem.gob.do\/transparencia\/wp-json\/wp\/v2\/pages\/419","targetHints":{"allow":["GET"]}}],"collection":[{"href":"https:\/\/mem.gob.do\/transparencia\/wp-json\/wp\/v2\/pages"}],"about":[{"href":"https:\/\/mem.gob.do\/transparencia\/wp-json\/wp\/v2\/types\/page"}],"author":[{"embeddable":true,"href":"https:\/\/mem.gob.do\/transparencia\/wp-json\/wp\/v2\/users\/1"}],"replies":[{"embeddable":true,"href":"https:\/\/mem.gob.do\/transparencia\/wp-json\/wp\/v2\/comments?post=419"}],"version-history":[{"count":3,"href":"https:\/\/mem.gob.do\/transparencia\/wp-json\/wp\/v2\/pages\/419\/revisions"}],"predecessor-version":[{"id":2369,"href":"https:\/\/mem.gob.do\/transparencia\/wp-json\/wp\/v2\/pages\/419\/revisions\/2369"}],"wp:attachment":[{"href":"https:\/\/mem.gob.do\/transparencia\/wp-json\/wp\/v2\/media?parent=419"}],"wp:term":[{"taxonomy":"category","embeddable":true,"href":"https:\/\/mem.gob.do\/transparencia\/wp-json\/wp\/v2\/categories?post=419"}],"curies":[{"name":"wp","href":"https:\/\/api.w.org\/{rel}","templated":true}]}}