{"id":145,"date":"2018-08-18T00:53:02","date_gmt":"2018-08-18T00:53:02","guid":{"rendered":"http:\/\/wptransparencia.localhost\/?page_id=145"},"modified":"2025-11-03T14:17:53","modified_gmt":"2025-11-03T14:17:53","slug":"oficina-de-acceso-a-la-informacion","status":"publish","type":"page","link":"https:\/\/mem.gob.do\/transparencia\/oficina-de-acceso-a-la-informacion\/","title":{"rendered":"Formulario de Solicitud de Acceso a la Informaci\u00f3n P\u00fablica"},"content":{"rendered":"<div align=\"center\"><\/div>\n<div class=\"contactFormHolder\">\n<div align=\"center\"><img decoding=\"async\" class=\"img-fluid\" src=\"\/transparencia\/wp-content\/themes\/memrd\/img\/logo-saip.png\" \/><\/div>\n<div class=\"city\">\n<h2 align=\"center\">SOLICITUD DE INFORMACI\u00d3N<\/h2>\n<p align=\"justify\">A trav\u00e9s de este sistema los ciudadanos pueden realizar sus solicitudes de acceso a la informaci\u00f3n p\u00fablica de forma f\u00e1cil, \u00e1gil y desde cualquier punto de la geograf\u00eda nacional o mundial, salvando con esto los costos de traslado, y acercando por ende el Estado a la sociedad a trav\u00e9s del uso intensivo de las tecnolog\u00edas de la informaci\u00f3n y comunicaci\u00f3n, facilitando el control social, la transparencia, la participaci\u00f3n y colaboraci\u00f3n ciudadanas.<\/p>\n<p align=\"justify\">Puede llenar su solicitud en el siguiente\u00a0<a href=\"https:\/\/saip.gob.do\/\" target=\"_blank\" rel=\"noopener noreferrer\">link.<\/a><\/p>\n<h3>Contacto<\/h3>\n<p><strong>Marileisy Arnaud<\/strong><\/p>\n<p>Responsable de Acceso a la Informaci\u00f3n P\u00fablica (RAI)<\/p>\n<p><strong>Tel\u00e9fono:<\/strong> <a class=\"linkFooter\" href=\"tel:+18095359098\">(809) 535-9098<\/a><br \/>\n<strong>Extensiones:<\/strong> 1059\/1061\/1028<\/p>\n<p><strong>Correo Electr\u00f3nico:<\/strong><\/p>\n<p><a href=\"mailto:marileisy.arnaud@mem.gob.do\">marileisy.arnaud@mem.gob.do<\/a><\/p>\n<p><a href=\"mailto:oai@mem.gob.do\">oai@mem.gob.do<\/a><\/p>\n<\/div>\n<\/div>\n","protected":false},"excerpt":{"rendered":"<p>SOLICITUD DE INFORMACI\u00d3N A trav\u00e9s de este sistema los ciudadanos pueden realizar sus solicitudes de acceso a la informaci\u00f3n p\u00fablica de forma f\u00e1cil, \u00e1gil y desde cualquier punto de la geograf\u00eda nacional o mundial, salvando con esto los costos de traslado, y acercando por ende el Estado a la sociedad a trav\u00e9s del uso intensivo [&hellip;]<\/p>\n","protected":false},"author":1,"featured_media":0,"parent":0,"menu_order":0,"comment_status":"closed","ping_status":"closed","template":"","meta":{"_monsterinsights_skip_tracking":false,"_monsterinsights_sitenote_active":false,"_monsterinsights_sitenote_note":"","_monsterinsights_sitenote_category":0,"footnotes":""},"categories":[],"class_list":["post-145","page","type-page","status-publish","hentry"],"_links":{"self":[{"href":"https:\/\/mem.gob.do\/transparencia\/wp-json\/wp\/v2\/pages\/145","targetHints":{"allow":["GET"]}}],"collection":[{"href":"https:\/\/mem.gob.do\/transparencia\/wp-json\/wp\/v2\/pages"}],"about":[{"href":"https:\/\/mem.gob.do\/transparencia\/wp-json\/wp\/v2\/types\/page"}],"author":[{"embeddable":true,"href":"https:\/\/mem.gob.do\/transparencia\/wp-json\/wp\/v2\/users\/1"}],"replies":[{"embeddable":true,"href":"https:\/\/mem.gob.do\/transparencia\/wp-json\/wp\/v2\/comments?post=145"}],"version-history":[{"count":12,"href":"https:\/\/mem.gob.do\/transparencia\/wp-json\/wp\/v2\/pages\/145\/revisions"}],"predecessor-version":[{"id":20977,"href":"https:\/\/mem.gob.do\/transparencia\/wp-json\/wp\/v2\/pages\/145\/revisions\/20977"}],"wp:attachment":[{"href":"https:\/\/mem.gob.do\/transparencia\/wp-json\/wp\/v2\/media?parent=145"}],"wp:term":[{"taxonomy":"category","embeddable":true,"href":"https:\/\/mem.gob.do\/transparencia\/wp-json\/wp\/v2\/categories?post=145"}],"curies":[{"name":"wp","href":"https:\/\/api.w.org\/{rel}","templated":true}]}}